 61. Give s(-7).
5
Let x(o) = 60*o + 179. Give x(-3).
-1
Let n(h) = h - 6. Determine n(-7).
-13
Let r(y) = 5*y. Calculate r(1).
5
Let b(z) = 5*z + 6. Determine b(-11).
-49
Let v(x) = -x - 6. What is v(5)?
-11
Let v(p) = p**3 - 8*p**2 - 8*p + 8. Calculate v(9).
17
Let v(c) = -c - 2. Calculate v(-2).
0
Let q(z) = z**3 - 12*z**2 - z - 8. Determine q(12).
-20
Let b(k) = k**2 - 2*k - 19. Calculate b(6).
5
Let l(k) = 2*k**2 + 6*k. Determine l(-4).
8
Let h(z) = -2*z + 43. Determine h(-9).
61
Let x(p) = 6*p - 42. Calculate x(13).
36
Let b(n) = -2*n**2 - 31*n + 283. Calculate b(-22).
-3
Let u(h) = 3*h**2 + 3*h - 5. What is u(-3)?
13
Let z(v) = -13*v - 4. Calculate z(-3).
35
Let a(v) = v**2 - 12*v + 31. Give a(7).
-4
Let k(n) = -7*n - 142. Calculate k(-20).
-2
Let r(g) = -g + 6. What is r(5)?
1
Let p(g) = -g**3 + 3*g**2 + 6*g - 1. Determine p(4).
7
Let j(k) = 30*k - 302. Give j(10).
-2
Let r(z) = -7*z + 312. Determine r(44).
4
Let j(i) = -15*i + 490. Give j(34).
-20
Let a(i) = i**3 + 6*i**2 - 6*i - 14. Determine a(-6).
22
Let f(y) = -y**2 - 9*y - 8. Determine f(-7).
6
Let z(i) = -i**2 - 3*i + 57. Determine z(-10).
-13
Let n(f) = f**2 + 3*f - 1. Give n(-6).
17
Let y(q) = -q + 6. Determine y(-2).
8
Let x(l) = 4*l**2 + 22*l - 14. Calculate x(-6).
-2
Let j(w) = -w**2 - 20*w - 74. Calculate j(-14).
10
Let a(n) = n**2 - 4*n. What is a(3)?
-3
Let d(l) = -2*l**2 - 7*l + 5. Determine d(5).
-80
Let l(g) = g**3 + 17*g**2 - 11. Give l(-17).
-11
Let n(p) = -p**2 - 15*p - 15. Give n(-15).
-15
Let k(i) = 3*i**3 - i**2 - i + 1. Give k(1).
2
Let d(i) = 8*i**2 + 28*i - 20. What is d(-4)?
-4
Let w(n) = -4*n + 14. Give w(4).
-2
Let q(r) = 7*r + 4. Calculate q(-11).
-73
Let n(h) = 3*h + 1. Give n(-2).
-5
Let l(a) = a**2 - 13*a + 47. What is l(6)?
5
Let k(v) = -v**3 + 14*v**2 - 7*v + 45. Calculate k(14).
-53
Let w(l) = -l**2 + 6*l. What is w(6)?
0
Let t(y) = -2*y**2 - 3*y + 3. Determine t(5).
-62
Let y(l) = -l**3 - 2*l**2 + 2*l + 2. Determine y(-1).
-1
Let c(z) = -4*z - 11. Give c(-3).
1
Let p(k) = -k**2 - k + 3. What is p(2)?
-3
Let l(b) = 12*b**3 - 3*b**2 + b + 1. What is l(1)?
11
Let j(i) = i**3 + 13*i**2 - 15. Determine j(-13).
-15
Let h(d) = -d**2 - 4*d. Determine h(-3).
3
Let d(o) = -o**3 - 2*o**2 + o + 7. Determine d(0).
7
Let s(z) = -6*z**3 - 2*z**2 + 2*z + 3. Determine s(-1).
5
Let l(r) = r**3 - 16*r**2 - 4*r + 21. What is l(16)?
-43
Let c(w) = -2*w + 57. What is c(31)?
-5
Let h(b) = -90*b**3 - 3*b**2 + b. Give h(1).
-92
Let u(z) = -z**2 - 8*z - 11. Give u(-5).
4
Let s(z) = 3*z + 77. Determine s(-6).
59
Let v(c) = -c**3 + 5*c**2 + c + 8. Calculate v(6).
-22
Let f(m) = 10*m + 18. Determine f(-2).
-2
Let q(v) = -10*v. Determine q(-3).
30
Let z(w) = -2*w - 4. Determine z(3).
-10
Let x(l) = 68*l + 631. Give x(-9).
19
Let n(h) = 53*h**3 - 2*h**2 - 4*h - 2. Calculate n(-1).
-53
Let m(u) = -29*u - 24. Calculate m(-1).
5
Let i(b) = -b**2 + 21*b - 69. Calculate i(15).
21
Let u(b) = -b**2 - b + 78. What is u(-8)?
22
Let p(j) = 3*j**2 + 62*j - 47. What is p(-21)?
-26
Let v(k) = 13*k - 56. Calculate v(6).
22
Let q(y) = y**3 + 10*y**2 + 13*y + 7. Calculate q(-5).
67
Let j(o) = -2*o**3 + 112*o**2 - 17. Calculate j(56).
-17
Let q(o) = -2*o + 17. Calculate q(12).
-7
Let t(p) = p**2 + 6*p + 2. Give t(-5).
-3
Let d(q) = q**3 - 3*q**2 - 8*q - 8. Determine d(5).
2
Let y(g) = 6*g - 45. Give y(4).
-21
Let g(l) = 2*l - 10. Calculate g(-13).
-36
Let p(v) = -22*v + 71. Determine p(4).
-17
Let t(q) = -7*q - 2. Give t(-2).
12
Let a(o) = -o**3 - 7*o**2 + 10*o + 10. Calculate a(-8).
-6
Let d(v) = 2*v + 1. Calculate d(0).
1
Let i(n) = n**2 - 3*n - 16. Determine i(5).
-6
Let q(l) = l**2 - 3*l + 5. Calculate q(3).
5
Let p(k) = -k**2 - 5*k + 2. Give p(-6).
-4
Let y(i) = -20*i + 1. Give y(2).
-39
Let r(j) = -j**3 + 13*j**2. Calculate r(13).
0
Let d(y) = y**3 - 8*y**2 - y - 8. Determine d(9).
64
Let w(b) = -b - 10. Give w(-6).
-4
Let x(d) = d**3 + 2*d**2 + 17*d - 17. Determine x(0).
-17
Let t(i) = -i**3 - 9*i**2 + 3. Calculate t(-9).
3
Let r(m) = -m**3 + 5*m**2 - 5*m + 1. Calculate r(3).
4
Let y(g) = 5*g - 123. Calculate y(26).
7
Let h(i) = -i - 3. What is h(-4)?
1
Let i(y) = -18*y + 37. Determine i(6).
-71
Let t(x) = x**3 - 4*x**2 - 11*x + 3. Determine t(-2).
1
Let l(q) = -3*q - 31. What is l(-14)?
11
Let n(k) = -3*k**3 - 2*k**2 + 2*k - 2. Give n(-2).
10
Let w(d) = -25*d + 101. Calculate w(5).
-24
Let m(i) = i**2 + 5*i - 6. Calculate m(-8).
18
Let u(s) = -s + 7. What is u(10)?
-3
Let q(u) = u**3 + 2*u**2 - 3*u + 1. Determine q(-4).
-19
Let i(y) = y**2 + 10*y + 8. Calculate i(-9).
-1
Let f(b) = -b**2 - 30*b + 56. What is f(-31)?
25
Let j(f) = f**3 - 9*f**2 - 5*f + 11. Calculate j(9).
-34
Let q(w) = 3*w**3 - 16*w**2 + 4*w + 6. Give q(5).
1
Let d(p) = -2*p**3 + p**2 + 2*p + 1. What is d(-2)?
17
Let i(o) = -8*o - 6. Calculate i(-3).
18
Let q(d) = -d + 1. Determine q(-3).
4
Let m(l) = -22*l - 2. Calculate m(2).
-46
Let y(f) = f**3 + 4*f**2 - 6*f - 5. Give y(-5).
0
Let c(t) = t**3 - 19*t**2 + 50*t - 32. Determine c(16).
0
Let f(c) = -8*c**2 - 33*c - 6. What is f(-4)?
-2
Let y(i) = -i + 5. Give y(-4).
9
Let w(k) = 24*k + 68. Calculate w(-4).
-28
Let y(x) = x**3 - 46*x**2 + 43*x + 88. What is y(45)?
-2
Let h(n) = 5*n - 63. What is h(12)?
-3
Let z(w) = w**2 + 20*w - 9. What is z(-23)?
60
Let g(w) = w**2 - 2*w - 7. Determine g(4).
1
Let z(r) = -r**3 + 3*r**2 - 1. Determine z(3).
-1
Let g(d) = d**3 + 16*d**2 + 16*d + 8. Calculate g(-15).
-7
Let u(o) = o**3 - 15*o**2 + 11*o + 18. Give u(14).
-24
Let h(a) = -a**3 + 18*a**2 + 16*a + 29. Give h(19).
-28
Let d(n) = 2*n + 1. Determine d(-12).
-23
Let w(z) = -5*z**2. Give w(1).
-5
Let b(j) = -j**2 - 26*j + 355. Give b(-36).
-5
Let t(v) = -3*v**2 + 27*v + 5. Calculate t(8).
29
Let w(u) = 12*u - 17. Calculate w(4).
31
Let v(p) = p**2 + 2*p - 7. Give v(-4).
1
Let d(w) = -w**2 + 24*w + 49. Determine d(24).
49
Let r(z) = -z**3 - 2*z**2 + 3*z + 3. What is r(-1)?
-1
Let l(i) = -i**2 + 9*i - 13. What is l(5)?
7
Let n(b) = b**3 - 4*b**2 + b - 1. What is n(4)?
3
Let t(k) = -2*k + 15. Determine t(11).
-7
Let p(r) = 2*r**3 + 2*r**2 - 2*r - 1. Give p(-2).
-5
Let r(c) = 9*c**2 - 14*c - 13. Calculate r(-1).
10
Let n(p) = -p**2 + 30*p - 93. Determine n(18).
123
Let i(a) = -2*a**2. What is i(-3)?
-18
Let n(j) = -14*j - 3. What is n(-1)?
11
Let f(j) = j**3 - 13*j**2 + 12*j - 1. What is f(12)?
-1
Let u(m) = 6*m - 54. Determine u(11).
12
Let k(i) = i**2 - 37*i + 259. Determine k(28).
7
Let n(j) = j - 56. Determine n(26).
-30
Let s(c) = c - 24. Calculate s(18).
-6
Let n(o) = -14*o + 60. Determine n(10).
-80
Let j(s) = -s**3 - 37*s**2 - s - 38. Calculate j(-37).
-1
Let w(f) = -5*f**2 - 2*f + 11. What is w(-2)?
-5
Let w(f) = f**2 - 2*f + 11. Determine w(6).
35
Let q(a) = 2*a**2 + 12*a + 17. What is q(-3)?
-1
Let b(z) = z**3 + 7*z**2 + 5*z + 1. What is b(-4)?
29
Let g(v) = -v**2 + 6*v + 73. What is g(14)?
-39
Let m(s) = s**2 - 28*s + 197. Determine m(20).
37
Let x(o) = 2*o**2 - 17*o + 2. Give x(9).
11
Let g(k) = k**2 + 2*k - 3. Calculate g(-3).
0
Let h(w) = 3*w**3 - 81*w**2 - w + 26. Calculate h(27).
-1
Let a(g) = g**2 - 13*g - 11. Determine a(13).
-11
Let b(m) = -22*m + 258. What is b(12)?
-6
Let m(s) = 15*s + 1. Give m(3).
46
Let y(n) = n**3 - 5*n**2 - 5. Determine y(5).
-5
Let o(a) = a**3 - 14*a**2 + 15*a - 26. Determine o(13).
0
Let g(d) = d**3 + 10*d**2 - 24*d. Determine g(-12).
0
Let m(o) = -54*o - 264. Calculate m(-5).
6
Let f(z) = -41*z**3 + z**2 + z. Determine f(-1).
41
Let f(i) = -2*i**3 - 10*i**2 + 5. Give f(-4).
-27
Let y(g) = -26*g - 6. Calculate y(4).
-110
Let j(v) = 27*v + 20. Calculate j(-1).
-7
Let u(r) = -7*r**2 + 112*r - 16. Calculate u(16).
-16
Let o(j) = 7*j**2 - 21*j - 3. Give o(5).
67
Let x(w) = w**2 + 14*w + 52. Calculate x(-8).
4
Let q(r) = -4*r + 1. Give q(3).
-11
Let h(w) = w**3 + 15*w**2 + w + 20. Give h(-15).
5
Let u(b) = b**2 - 4*b - 13. What is u(0)?
-13
Let p(c) = c**3 + 8*c**2 - 47*c + 29. What is p(-12)?
17
Let z(m) = -m**3 + 15*m**2 + 7*m - 91. Calculate z(15).
14
Let g(u) = -2*u**2 - 12*u - 13. What is g(-11)?
-123
Let s(d) = 6*d**2 - d + 1. Calculate s(1).
6
Let h(m) = 28*m**2 + 141*m + 6. What is h(-5)?
1
Let z(w) = w**3 + 16*w**2 + 8*w - 105. What is z(-15)?
0
Let j(p) = -p**3 + p**2 + p - 8. Determine j(0).
-8
Let s(w) = w**3 - 5*w**2 - w - 19. W